 highest common divisor of 333 and 37.
37
Calculate the greatest common factor of 637 and 1157.
13
What is the greatest common factor of 154 and 88?
22
Calculate the greatest common factor of 144 and 72.
72
Calculate the highest common divisor of 290 and 20.
10
What is the highest common divisor of 1950 and 10?
10
Calculate the greatest common divisor of 69 and 7291.
23
Calculate the highest common factor of 664 and 5478.
166
What is the greatest common divisor of 216 and 60156?
108
What is the highest common factor of 12 and 124?
4
What is the highest common factor of 96 and 76?
4
What is the highest common factor of 118 and 2950?
118
Calculate the highest common divisor of 884 and 52.
52
Calculate the highest common factor of 321 and 20544.
321
What is the highest common factor of 75 and 65?
5
Calculate the highest common divisor of 282 and 47.
47
Calculate the greatest common divisor of 110 and 550.
110
Calculate the greatest common factor of 152 and 32.
8
Calculate the greatest common factor of 117 and 39819.
39
Calculate the highest common factor of 1209 and 39.
39
Calculate the highest common divisor of 14239 and 29.
29
Calculate the greatest common factor of 10 and 610.
10
What is the greatest common divisor of 14 and 2989?
7
Calculate the highest common divisor of 1377 and 51.
51
Calculate the highest common divisor of 128 and 3328.
128
Calculate the highest common divisor of 207 and 1104.
69
What is the greatest common factor of 21698 and 76?
38
What is the highest common factor of 1485 and 375?
15
Calculate the greatest common factor of 3550 and 50.
50
Calculate the highest common divisor of 49 and 42.
7
Calculate the greatest common factor of 111 and 999.
111
Calculate the greatest common factor of 7 and 357.
7
What is the highest common divisor of 24 and 100?
4
What is the highest common factor of 187 and 253?
11
Calculate the highest common divisor of 15 and 345.
15
Calculate the greatest common divisor of 9304 and 32.
8
What is the greatest common factor of 1960 and 112?
56
What is the greatest common divisor of 405 and 885?
15
What is the greatest common factor of 17 and 425?
17
What is the greatest common factor of 235 and 47?
47
What is the greatest common factor of 1152 and 80?
16
What is the highest common factor of 2408 and 1624?
56
What is the highest common divisor of 53 and 3392?
53
What is the highest common divisor of 25 and 7075?
25
Calculate the greatest common divisor of 9760 and 61.
61
Calculate the highest common divisor of 24 and 804.
12
Calculate the greatest common divisor of 55 and 5.
5
Calculate the highest common divisor of 16 and 22.
2
What is the greatest common divisor of 50 and 70?
10
Calculate the highest common divisor of 1023 and 231.
33
Calculate the greatest common factor of 1582 and 84.
14
Calculate the greatest common factor of 53 and 16.
1
What is the highest common divisor of 36 and 60?
12
What is the highest common divisor of 340 and 20?
20
Calculate the highest common divisor of 1209 and 1053.
39
What is the highest common factor of 19 and 703?
19
What is the highest common divisor of 15 and 75000?
15
What is the greatest common factor of 14774 and 445?
89
Calculate the highest common divisor of 14 and 179.
1
Calculate the greatest common factor of 1352 and 104.
104
What is the highest common divisor of 627 and 132?
33
Calculate the greatest common divisor of 110 and 88.
22
What is the highest common factor of 9 and 72?
9
What is the highest common divisor of 165 and 429?
33
Calculate the greatest common factor of 11 and 11.
11
What is the highest common factor of 352 and 64?
32
What is the highest common divisor of 7 and 161?
7
Calculate the greatest common divisor of 1179 and 144.
9
What is the greatest common factor of 240 and 1068?
12
Calculate the highest common divisor of 362 and 2.
2
Calculate the highest common divisor of 7 and 2611.
7
What is the greatest common factor of 205 and 943?
41
Calculate the highest common divisor of 38 and 513.
19
What is the highest common factor of 75 and 45?
15
Calculate the highest common divisor of 135 and 6939.
27
Calculate the highest common divisor of 455 and 70.
35
What is the greatest common factor of 36 and 1104?
12
Calculate the greatest common divisor of 8299 and 43.
43
Calculate the highest common divisor of 9 and 81.
9
What is the greatest common factor of 3234 and 49?
49
What is the highest common factor of 432 and 10008?
72
Calculate the highest common factor of 120 and 19440.
120
What is the greatest common divisor of 3 and 489?
3
Calculate the highest common factor of 16 and 112.
16
Calculate the greatest common factor of 2 and 404.
2
Calculate the highest common factor of 196 and 28.
28
Calculate the greatest common divisor of 69 and 15663.
69
What is the greatest common divisor of 82 and 205?
41
Calculate the highest common divisor of 279 and 9.
9
What is the highest common factor of 6727 and 14?
7
Calculate the greatest common factor of 28 and 574.
14
What is the greatest common divisor of 47 and 423?
47
Calculate the highest common factor of 2242 and 590.
118
What is the greatest common divisor of 168 and 35?
7
What is the highest common factor of 40 and 4660?
20
Calculate the greatest common factor of 18 and 99.
9
Calculate the highest common divisor of 32 and 1692.
4
What is the highest common factor of 22 and 2794?
22
What is the greatest common factor of 7 and 392?
7
What is the greatest common factor of 130 and 52?
26
Calculate the greatest common divisor of 156 and 276.
12
Calculate the greatest common divisor of 46 and 404.
2
What is the highest common factor of 4896 and 8?
8
Calculate the greatest common factor of 781 and 71.
71
Calculate the greatest common factor of 80190 and 198.
198
What is the greatest common divisor of 107 and 4601?
107
What is the highest common factor of 3626 and 147?
49
Calculate the highest common factor of 14 and 26.
2
Calculate the greatest common factor of 32 and 992.
32
What is the greatest common factor of 1290 and 24?
6
Calculate the highest common factor of 14 and 3731.
7
Calculate the highest common divisor of 5 and 1.
1
What is the highest common factor of 465 and 15?
15
Calculate the greatest common divisor of 2 and 298.
2
What is the highest common divisor of 612 and 36?
36
Calculate the greatest common divisor of 113 and 565.
113
What is the greatest common factor of 180 and 130?
10
What is the greatest common factor of 36 and 1386?
18
Calculate the greatest common factor of 285 and 171.
57
Calculate the greatest common factor of 2280 and 20.
20
What is the highest common factor of 837 and 4557?
93
What is the greatest common factor of 94 and 8084?
94
Calculate the highest common factor of 84 and 98.
14
Calculate the greatest common factor of 1260 and 13356.
252
What is the highest common factor of 13 and 3575?
13
Calculate the greatest common divisor of 4558 and 106.
106
Calculate the highest common factor of 224 and 77.
7
What is the greatest common factor of 574 and 21?
7
What is the highest common divisor of 126 and 2247?
21
Calculate the greatest common factor of 38 and 133.
19
Calculate the greatest common factor of 6756 and 24.
12
Calculate the greatest common divisor of 812 and 28.
28
Calculate the greatest common factor of 13 and 403.
13
Calculate the highest common divisor of 1218 and 21.
21
What is the greatest common factor of 12 and 88?
4
What is the highest common factor of 237 and 8137?
79
What is the greatest common divisor of 29 and 3683?
29
Calculate the greatest common factor of 26 and 546.
26
Calculate the greatest common factor of 8 and 436.
4
What is the highest common divisor of 38 and 342?
38
What is the highest common divisor of 13775 and 58?
29
What is the highest common factor of 121 and 121?
121
What is the greatest common factor of 1312 and 246?
82
What is the greatest common divisor of 195 and 120?
15
What is the greatest common divisor of 775 and 25?
25
What is the highest common factor of 32 and 688?
16
Calculate the highest common divisor of 8 and 248.
8
Calculate the highest common factor of 143 and 33.
11
What is the greatest common factor of 7632 and 432?
144
What is the highest common divisor of 140 and 80?
20
Calculate the greatest common divisor